est common divisor of c and 20?
10
Suppose -2*w + 3*p - 2 = -4, -24 = -4*w - 4*p. Let d(t) = -t**2 - 1 + 3 + w + 6*t. Let i be d(5). Calculate the highest common divisor of i and 44.
11
Let p(q) = -2*q**2 - 2*q. Let t be p(-3). Let i = 16 - t. What is the highest common divisor of 42 and i?
14
Let s be 180/((-16)/(-4)) - 0. Suppose 0 = -o + 5*o + 5*b - s, -2*o - 5*b + 25 = 0. What is the greatest common divisor of o and 4?
2
Let l be (-108)/24*(-4)/6. Let u(s) = 10*s**3 - 1. Let n be u(1). What is the greatest common factor of l and n?
3
Let x be 665/75 - -4 - (-4)/30. Calculate the highest common divisor of 13 and x.
13
Suppose -72 = -11*c + 7*c. Let x be 4/(-1 + 1 + 2). Suppose 32 = -2*t - 2*z + 130, t = -x*z + 53. Calculate the greatest common divisor of c and t.
9
Suppose -4*s - 24 = -104. Suppose j = 6*j - s. Suppose -f - 3*f - 3*g = -18, -5*g = -j*f + 34. What is the highest common divisor of 4 and f?
2
Let w be (-2 - (-20)/6)*24/2. Let d be -6*(-2)/3 - 0. Calculate the greatest common divisor of w and d.
4
Suppose -7 = 5*v - 27. Calculate the greatest common factor of v and 20.
4
Let b be ((-10)/(-4) - 3)*14. Let y = 3 - b. What is the greatest common factor of 15 and y?
5
Let x(r) = r**2 - 5*r + 6. Let u be x(-7). What is the highest common factor of u and 30?
30
Suppose -2*w + 8 = -30. What is the greatest common divisor of w and 152?
19
Let g = 90 + -35. What is the greatest common factor of 5 and g?
5
Suppose -2*y = 3*l + y - 159, -y + 5 = 0. Calculate the highest common divisor of 384 and l.
48
Let x be (-1)/((-3)/60*1). Let l = x + -8. What is the highest common factor of 36 and l?
12
Let h = -20 + 42. Suppose h = 2*d - 0*d - 5*o, -d - 3*o = -11. Suppose d = 5*b - 149. Calculate the greatest common factor of 48 and b.
16
Let c = 26 - 16. Calculate the greatest common factor of 15 and c.
5
Let j = 17 - 14. Calculate the highest common divisor of 15 and j.
3
Suppose -7 = -2*p - l, -5*l = -2*p - 2*l + 3. Suppose p*u - 17 - 1 = 0. Calculate the greatest common divisor of 42 and u.
6
Let n(h) = -h + 2. Let l be n(0). Suppose 8 = l*m + 3*d - 18, -5*d = -3*m + 39. Calculate the greatest common factor of 117 and m.
13
Let b(w) = -6*w**2 - w - 1. Let q be b(-1). Let a = 26 - q. Calculate the highest common factor of a and 8.
8
Let k = -2 - -6. Suppose -4*r - 16 = 2*y - 138, -5*r + k*y = -146. What is the highest common factor of r and 10?
10
Suppose -3*y = -2*t - 3*t + 256, 5*y = -10. What is the greatest common divisor of t and 10?
10
Let h = 22 + 4. Let q = -8 + h. Calculate the greatest common divisor of 27 and q.
9
Let b be 1*-6*-1 - 0. Suppose 2*k + 10 = 0, 5*k + 109 = 2*c - 0*c. Calculate the highest common factor of c and b.
6
Suppose 0 = -x + 4*p + 204, x + 3*p - 225 = -0*x. Calculate the greatest common divisor of 27 and x.
27
Let y(s) = -s**2 + 15*s + 6. Suppose 2*n + 7 = 35. Let m be y(n). Calculate the greatest common divisor of m and 50.
10
Suppose -3*d + r = -492, 4*d - 363 - 293 = -r. Let j be d/12 + 2/6. What is the highest common divisor of j and 14?
14
Let q be 0/(-2 - (-1 + 1)). Suppose -k = -q*v - v + 1, -31 = -3*v - 4*k. Let c be v/(-4)*(1 - 17). What is the highest common factor of c and 20?
20
Let t = 93 - 65. What is the greatest common factor of t and 280?
28
Let n(x) = 2*x - 1. Let c be n(6). Let y = 36 + -39. Let v be (-610)/(-14) + y/(-7). What is the greatest common factor of v and c?
11
Suppose 4*p = 4*m + 428, -p - 66 = 3*m - 193. Calculate the highest common factor of p and 16.
16
Suppose -2*x = -8 - 0. Let w be x/16 + (-63)/(-4). What is the greatest common divisor of 32 and w?
16
Let t = 121 - 68. Suppose -13 = 5*f - t. Suppose f = i + i. What is the highest common divisor of 4 and i?
4
Let o = 5 - -3. Calculate the highest common divisor of o and 64.
8
Suppose 0 = d + 4*y - 47, -y + 59 = -0*d + 2*d. Let b = -25 + d. What is the greatest common factor of 2 and b?
2
Suppose 32 = 5*k - 8. What is the greatest common factor of k and 2?
2
Let h be (-15)/(-3)*(-2)/(-5). Suppose -4*u = 20, 3*a - 3*u + h*u = -10. Let s = a - -18. What is the highest common factor of 52 and s?
13
Suppose -46 = -5*t + 3*d, 0 = -3*t - 0*d + d + 26. Suppose -3*i + i = -t. What is the greatest common divisor of 16 and i?
4
Let r(u) = u**3 - u + 13. Let z be r(0). What is the highest common factor of 91 and z?
13
Let l(x) = -x + 15. Let o be l(13). Suppose -o*j = -j - 75. Suppose 4*h - 109 = 11. What is the highest common factor of h and j?
15
Let b be ((-2)/6 - 278/(-6)) + -2. Calculate the highest common factor of b and 33.
11
Suppose -2*r - 2*r + 48 = 0. Let s = -20 + 92. What is the highest common divisor of s and r?
12
Suppose -5*p + 211 = -149. Let w = p + -44. Let j be 3/30 + 4893/70. What is the highest common factor of w and j?
14
Let t = -91 + 130. Suppose -5*h = -s - 15 + t, 6 = 2*h. What is the greatest common factor of 26 and s?
13
Let r = 159 - 239. Let g = r + 140. What is the highest common divisor of 24 and g?
12
Let c be (-1 - -1 - -4)/2. Let a(m) = -m**2 - 3*m + 3. Let q be a(c). Let f be (-2)/q - 20/(-28). What is the greatest common divisor of 1 and f?
1
Let v = 189 - 85. Calculate the highest common divisor of 13 and v.
13
Let d(f) = -2*f + f**3 + 0*f**3 + 10*f**2 - 2*f**2 - 3. Let b be (16/(-12))/((-2)/(-12)). Let l be d(b). What is the highest common divisor of 65 and l?
13
Let l = 21 + -35. Let m = l - -29. Calculate the highest common factor of 165 and m.
15
Suppose -3*l + j + 6 = 18, 3*l = 4*j - 12. Let p be 2/l + 33/6. Calculate the greatest common divisor of p and 35.
5
Let f = 76 - 52. Let z = 48 + -12. What is the greatest common factor of z and f?
12
Suppose 62 = 4*x - 38. What is the highest common factor of x and 225?
25
Suppose 3*m - 4*z - 40 = 0, -2*z + 4 = -6. Let j(q) = -q**2 + 8*q - 7. Let g be j(7). Suppose g = 4*t - 24 + 4. What is the greatest common factor of m and t?
5
Let p(b) = -2 + 3 + 11 - 7*b + b**2 + 1. Let c be p(6). Calculate the highest common factor of 35 and c.
7
Let j = -1 + 4. Let b = -6 - -8. Suppose 0 = 5*q - 10, -2*k + q = -2 - b. Calculate the greatest common factor of j and k.
3
Let o(r) = 11 - 7*r - 4 - 5 + 2*r. Let t be o(-4). Calculate the highest common divisor of 198 and t.
22
Suppose -6*z + 504 = -648. What is the highest common factor of z and 24?
24
Suppose -5*q = -4*n + 41, -n + 2 = -3*q - 17. Suppose 25 = y + n*y. Calculate the highest common factor of y and 5.
5
Let i(g) = 8*g**2 - 11*g + 31. Let f be i(5). What is the greatest common divisor of 22 and f?
22
Suppose -5*h + 5*u = -185, -2*u - 151 = -4*h + u. Calculate the highest common factor of h and 60.
20
Let i(y) = y + 25. Let g be i(-16). What is the greatest common factor of g and 99?
9
Suppose -5*r + 270 = -5*o, -127 = -3*r - o - 3*o. Calculate the highest common factor of r and 7.
7
Suppose 3*c + 2*d = 110, -176 = -5*c + d + 3*d. Let v be (0 + (0 - -1))*1. Let g be 0 + v*48/2. Calculate the highest common divisor of c and g.
12
Suppose q + q - 20 = 2*h, -20 = -5*q - h. Suppose -2*i - 45 = -q*i. What is the highest common divisor of i and 3?
3
Let m(l) = 2*l - 5. Let n be m(4). Let k be (-14)/(-4)*(-1 - -9). Suppose n*a = 26 + k. Calculate the greatest common divisor of a and 2.
2
Suppose 3*b + 3 = 75. What is the greatest common factor of 36 and b?
12
Let y be 6/((-8 - -3)/(-20)). What is the greatest common divisor of y and 8?
8
Let y(i) = -i**2 - 5*i + 2. Let o be y(-5). Suppose 6*k - 28 = o*k. What is the highest common divisor of 14 and k?
7
Suppose 1312 - 408 = 4*i. Suppose -i = -5*x - 61. Suppose -z + 4*z = x. Calculate the highest common factor of z and 99.
11
Let j = -8 + 11. Suppose 0 = -j*r - a + 4 + 52, -4*r = 4*a - 80. Suppose 22 = 5*f - 23. What is the highest common divisor of f and r?
9
Let l(v) = -25*v**3 - 2*v**2 + v + 2. Let k be l(-2). What is the highest common divisor of 24 and k?
24
Let n(g) = 4*g - 12. Let y be n(8). Let d = -45 + 55. Calculate the greatest common factor of y and d.
10
Let u(w) = 2*w**2 - w + 162. Let h be u(0). What is the highest common factor of 6 and h?
6
Let c = -64 - -152. Suppose 19 - 30 = -s. What is the greatest common divisor of c and s?
11
Let n = 155 - 109. Suppose 2*z + 59 = 3*t, z = 5*t - n - 64. Let m be (0 - -1)/(2/46). What is the greatest commo